{"id":29026,"date":"2026-03-11T13:29:14","date_gmt":"2026-03-11T18:29:14","guid":{"rendered":"https:\/\/soundgear.com.co\/sitio\/?post_type=product&#038;p=29026"},"modified":"2026-03-11T13:29:18","modified_gmt":"2026-03-11T18:29:18","slug":"subwoofer-activo-para-refuerzo-sonoro-presonus-air18s","status":"publish","type":"product","link":"https:\/\/soundgear.com.co\/sitio\/producto\/subwoofer-activo-para-refuerzo-sonoro-presonus-air18s\/","title":{"rendered":"SUBWOOFER ACTIVO PARA REFUERZO SONORO PRESONUS AIR18S"},"content":{"rendered":"","protected":false},"excerpt":{"rendered":"<h2>AIR18s: Graves poderosos, claros y precisos.<\/h2>\n<p>Dise\u00f1ado para complementar cualquier bocina de PA de rango completo, el subwoofer AIR18s provee un punch de rango grave claro y preciso y es un compa\u00f1ero perfecto para las bocinas AIR10, AIR12 y AIR15 de PreSonus<sup>\u00ae<\/sup>. Con su transductor de frecuencias graves de 18 pulgadas, impulsado por 1,200 watts de poder Clase D, provee un rango grave detallado m\u00e1s que suficiente, llegando hasta 30 Hz. Sin embargo, es port\u00e1til y muy adecuado para aplicaciones m\u00f3viles as\u00ed como para sistemas instalados.<\/p>\n","protected":false},"featured_media":16730,"comment_status":"open","ping_status":"closed","template":"","meta":{"_joinchat":[]},"product_brand":[],"product_cat":[78],"product_tag":[],"class_list":{"0":"post-29026","1":"product","2":"type-product","3":"status-publish","4":"has-post-thumbnail","6":"product_cat-sonido-y-amplificacion","8":"first","9":"instock","10":"sale","11":"featured","12":"taxable","13":"shipping-taxable","14":"purchasable","15":"product-type-simple"},"yoast_head":"<!-- This site is optimized with the Yoast SEO plugin v27.1.1 - https:\/\/yoast.com\/product\/yoast-seo-wordpress\/ -->\n<title>SUBWOOFER ACTIVO PARA REFUERZO SONORO PRESONUS AIR18S - Sound Gear<\/title>\n<meta name=\"robots\" content=\"index, follow, max-snippet:-1, max-image-preview:large, max-video-preview:-1\" \/>\n<link rel=\"canonical\" href=\"https:\/\/soundgear.com.co\/sitio\/producto\/subwoofer-activo-para-refuerzo-sonoro-presonus-air18s\/\" \/>\n<meta property=\"og:locale\" content=\"es_ES\" \/>\n<meta property=\"og:type\" content=\"article\" \/>\n<meta property=\"og:title\" content=\"SUBWOOFER ACTIVO PARA REFUERZO SONORO PRESONUS AIR18S - Sound Gear\" \/>\n<meta property=\"og:description\" content=\"AIR18s: Graves poderosos, claros y precisos. Dise\u00f1ado para complementar cualquier bocina de PA de rango completo, el subwoofer AIR18s provee un punch de rango grave claro y preciso y es un compa\u00f1ero perfecto para las bocinas AIR10, AIR12 y AIR15 de PreSonus\u00ae. Con su transductor de frecuencias graves de 18 pulgadas, impulsado por 1,200 watts de poder Clase D, provee un rango grave detallado m\u00e1s que suficiente, llegando hasta 30 Hz. Sin embargo, es port\u00e1til y muy adecuado para aplicaciones m\u00f3viles as\u00ed como para sistemas instalados.\" \/>\n<meta property=\"og:url\" content=\"https:\/\/soundgear.com.co\/sitio\/producto\/subwoofer-activo-para-refuerzo-sonoro-presonus-air18s\/\" \/>\n<meta property=\"og:site_name\" content=\"Sound Gear\" \/>\n<meta property=\"article:modified_time\" content=\"2026-03-11T18:29:18+00:00\" \/>\n<meta name=\"twitter:card\" content=\"summary_large_image\" \/>\n<script type=\"application\/ld+json\" class=\"yoast-schema-graph\">{\"@context\":\"https:\/\/schema.org\",\"@graph\":[{\"@type\":\"WebPage\",\"@id\":\"https:\/\/soundgear.com.co\/sitio\/producto\/subwoofer-activo-para-refuerzo-sonoro-presonus-air18s\/\",\"url\":\"https:\/\/soundgear.com.co\/sitio\/producto\/subwoofer-activo-para-refuerzo-sonoro-presonus-air18s\/\",\"name\":\"SUBWOOFER ACTIVO PARA REFUERZO SONORO PRESONUS AIR18S - Sound Gear\",\"isPartOf\":{\"@id\":\"https:\/\/soundgear.com.co\/sitio\/#website\"},\"primaryImageOfPage\":{\"@id\":\"https:\/\/soundgear.com.co\/sitio\/producto\/subwoofer-activo-para-refuerzo-sonoro-presonus-air18s\/#primaryimage\"},\"image\":{\"@id\":\"https:\/\/soundgear.com.co\/sitio\/producto\/subwoofer-activo-para-refuerzo-sonoro-presonus-air18s\/#primaryimage\"},\"thumbnailUrl\":\"https:\/\/soundgear.com.co\/sitio\/wp-content\/uploads\/2023\/01\/subwoofer-activo-para-refuerzo-sonoro-presonus-air18s-1.jpg\",\"datePublished\":\"2026-03-11T18:29:14+00:00\",\"dateModified\":\"2026-03-11T18:29:18+00:00\",\"breadcrumb\":{\"@id\":\"https:\/\/soundgear.com.co\/sitio\/producto\/subwoofer-activo-para-refuerzo-sonoro-presonus-air18s\/#breadcrumb\"},\"inLanguage\":\"es\",\"potentialAction\":[{\"@type\":\"ReadAction\",\"target\":[\"https:\/\/soundgear.com.co\/sitio\/producto\/subwoofer-activo-para-refuerzo-sonoro-presonus-air18s\/\"]}]},{\"@type\":\"ImageObject\",\"inLanguage\":\"es\",\"@id\":\"https:\/\/soundgear.com.co\/sitio\/producto\/subwoofer-activo-para-refuerzo-sonoro-presonus-air18s\/#primaryimage\",\"url\":\"https:\/\/soundgear.com.co\/sitio\/wp-content\/uploads\/2023\/01\/subwoofer-activo-para-refuerzo-sonoro-presonus-air18s-1.jpg\",\"contentUrl\":\"https:\/\/soundgear.com.co\/sitio\/wp-content\/uploads\/2023\/01\/subwoofer-activo-para-refuerzo-sonoro-presonus-air18s-1.jpg\",\"width\":1000,\"height\":1000},{\"@type\":\"BreadcrumbList\",\"@id\":\"https:\/\/soundgear.com.co\/sitio\/producto\/subwoofer-activo-para-refuerzo-sonoro-presonus-air18s\/#breadcrumb\",\"itemListElement\":[{\"@type\":\"ListItem\",\"position\":1,\"name\":\"Portada\",\"item\":\"https:\/\/soundgear.com.co\/sitio\/\"},{\"@type\":\"ListItem\",\"position\":2,\"name\":\"Tienda\",\"item\":\"https:\/\/soundgear.com.co\/sitio\/tienda\/\"},{\"@type\":\"ListItem\",\"position\":3,\"name\":\"SUBWOOFER ACTIVO PARA REFUERZO SONORO PRESONUS AIR18S\"}]},{\"@type\":\"WebSite\",\"@id\":\"https:\/\/soundgear.com.co\/sitio\/#website\",\"url\":\"https:\/\/soundgear.com.co\/sitio\/\",\"name\":\"Sound Gear\",\"description\":\"Tienda de Instrumentos Musicales\",\"potentialAction\":[{\"@type\":\"SearchAction\",\"target\":{\"@type\":\"EntryPoint\",\"urlTemplate\":\"https:\/\/soundgear.com.co\/sitio\/?s={search_term_string}\"},\"query-input\":{\"@type\":\"PropertyValueSpecification\",\"valueRequired\":true,\"valueName\":\"search_term_string\"}}],\"inLanguage\":\"es\"}]}<\/script>\n<!-- \/ Yoast SEO plugin. -->","yoast_head_json":{"title":"SUBWOOFER ACTIVO PARA REFUERZO SONORO PRESONUS AIR18S - Sound Gear","robots":{"index":"index","follow":"follow","max-snippet":"max-snippet:-1","max-image-preview":"max-image-preview:large","max-video-preview":"max-video-preview:-1"},"canonical":"https:\/\/soundgear.com.co\/sitio\/producto\/subwoofer-activo-para-refuerzo-sonoro-presonus-air18s\/","og_locale":"es_ES","og_type":"article","og_title":"SUBWOOFER ACTIVO PARA REFUERZO SONORO PRESONUS AIR18S - Sound Gear","og_description":"AIR18s: Graves poderosos, claros y precisos. Dise\u00f1ado para complementar cualquier bocina de PA de rango completo, el subwoofer AIR18s provee un punch de rango grave claro y preciso y es un compa\u00f1ero perfecto para las bocinas AIR10, AIR12 y AIR15 de PreSonus\u00ae. Con su transductor de frecuencias graves de 18 pulgadas, impulsado por 1,200 watts de poder Clase D, provee un rango grave detallado m\u00e1s que suficiente, llegando hasta 30 Hz. Sin embargo, es port\u00e1til y muy adecuado para aplicaciones m\u00f3viles as\u00ed como para sistemas instalados.","og_url":"https:\/\/soundgear.com.co\/sitio\/producto\/subwoofer-activo-para-refuerzo-sonoro-presonus-air18s\/","og_site_name":"Sound Gear","article_modified_time":"2026-03-11T18:29:18+00:00","twitter_card":"summary_large_image","schema":{"@context":"https:\/\/schema.org","@graph":[{"@type":"WebPage","@id":"https:\/\/soundgear.com.co\/sitio\/producto\/subwoofer-activo-para-refuerzo-sonoro-presonus-air18s\/","url":"https:\/\/soundgear.com.co\/sitio\/producto\/subwoofer-activo-para-refuerzo-sonoro-presonus-air18s\/","name":"SUBWOOFER ACTIVO PARA REFUERZO SONORO PRESONUS AIR18S - Sound Gear","isPartOf":{"@id":"https:\/\/soundgear.com.co\/sitio\/#website"},"primaryImageOfPage":{"@id":"https:\/\/soundgear.com.co\/sitio\/producto\/subwoofer-activo-para-refuerzo-sonoro-presonus-air18s\/#primaryimage"},"image":{"@id":"https:\/\/soundgear.com.co\/sitio\/producto\/subwoofer-activo-para-refuerzo-sonoro-presonus-air18s\/#primaryimage"},"thumbnailUrl":"https:\/\/soundgear.com.co\/sitio\/wp-content\/uploads\/2023\/01\/subwoofer-activo-para-refuerzo-sonoro-presonus-air18s-1.jpg","datePublished":"2026-03-11T18:29:14+00:00","dateModified":"2026-03-11T18:29:18+00:00","breadcrumb":{"@id":"https:\/\/soundgear.com.co\/sitio\/producto\/subwoofer-activo-para-refuerzo-sonoro-presonus-air18s\/#breadcrumb"},"inLanguage":"es","potentialAction":[{"@type":"ReadAction","target":["https:\/\/soundgear.com.co\/sitio\/producto\/subwoofer-activo-para-refuerzo-sonoro-presonus-air18s\/"]}]},{"@type":"ImageObject","inLanguage":"es","@id":"https:\/\/soundgear.com.co\/sitio\/producto\/subwoofer-activo-para-refuerzo-sonoro-presonus-air18s\/#primaryimage","url":"https:\/\/soundgear.com.co\/sitio\/wp-content\/uploads\/2023\/01\/subwoofer-activo-para-refuerzo-sonoro-presonus-air18s-1.jpg","contentUrl":"https:\/\/soundgear.com.co\/sitio\/wp-content\/uploads\/2023\/01\/subwoofer-activo-para-refuerzo-sonoro-presonus-air18s-1.jpg","width":1000,"height":1000},{"@type":"BreadcrumbList","@id":"https:\/\/soundgear.com.co\/sitio\/producto\/subwoofer-activo-para-refuerzo-sonoro-presonus-air18s\/#breadcrumb","itemListElement":[{"@type":"ListItem","position":1,"name":"Portada","item":"https:\/\/soundgear.com.co\/sitio\/"},{"@type":"ListItem","position":2,"name":"Tienda","item":"https:\/\/soundgear.com.co\/sitio\/tienda\/"},{"@type":"ListItem","position":3,"name":"SUBWOOFER ACTIVO PARA REFUERZO SONORO PRESONUS AIR18S"}]},{"@type":"WebSite","@id":"https:\/\/soundgear.com.co\/sitio\/#website","url":"https:\/\/soundgear.com.co\/sitio\/","name":"Sound Gear","description":"Tienda de Instrumentos Musicales","potentialAction":[{"@type":"SearchAction","target":{"@type":"EntryPoint","urlTemplate":"https:\/\/soundgear.com.co\/sitio\/?s={search_term_string}"},"query-input":{"@type":"PropertyValueSpecification","valueRequired":true,"valueName":"search_term_string"}}],"inLanguage":"es"}]}},"_links":{"self":[{"href":"https:\/\/soundgear.com.co\/sitio\/wp-json\/wp\/v2\/product\/29026","targetHints":{"allow":["GET"]}}],"collection":[{"href":"https:\/\/soundgear.com.co\/sitio\/wp-json\/wp\/v2\/product"}],"about":[{"href":"https:\/\/soundgear.com.co\/sitio\/wp-json\/wp\/v2\/types\/product"}],"replies":[{"embeddable":true,"href":"https:\/\/soundgear.com.co\/sitio\/wp-json\/wp\/v2\/comments?post=29026"}],"version-history":[{"count":1,"href":"https:\/\/soundgear.com.co\/sitio\/wp-json\/wp\/v2\/product\/29026\/revisions"}],"predecessor-version":[{"id":29056,"href":"https:\/\/soundgear.com.co\/sitio\/wp-json\/wp\/v2\/product\/29026\/revisions\/29056"}],"wp:featuredmedia":[{"embeddable":true,"href":"https:\/\/soundgear.com.co\/sitio\/wp-json\/wp\/v2\/media\/16730"}],"wp:attachment":[{"href":"https:\/\/soundgear.com.co\/sitio\/wp-json\/wp\/v2\/media?parent=29026"}],"wp:term":[{"taxonomy":"product_brand","embeddable":true,"href":"https:\/\/soundgear.com.co\/sitio\/wp-json\/wp\/v2\/product_brand?post=29026"},{"taxonomy":"product_cat","embeddable":true,"href":"https:\/\/soundgear.com.co\/sitio\/wp-json\/wp\/v2\/product_cat?post=29026"},{"taxonomy":"product_tag","embeddable":true,"href":"https:\/\/soundgear.com.co\/sitio\/wp-json\/wp\/v2\/product_tag?post=29026"}],"curies":[{"name":"wp","href":"https:\/\/api.w.org\/{rel}","templated":true}]}}