{"id":29210,"date":"2026-03-11T13:29:34","date_gmt":"2026-03-11T18:29:34","guid":{"rendered":"https:\/\/soundgear.com.co\/sitio\/?post_type=product&#038;p=29210"},"modified":"2026-03-11T13:29:38","modified_gmt":"2026-03-11T18:29:38","slug":"pedal-randall-compuerta-de-ruido-para-guitarra-o-bajo-ref-bloqe","status":"publish","type":"product","link":"https:\/\/soundgear.com.co\/sitio\/producto\/pedal-randall-compuerta-de-ruido-para-guitarra-o-bajo-ref-bloqe\/","title":{"rendered":"PEDAL RANDALL COMPUERTA DE RUIDO PARA GUITARRA O BAJO REF-BLOQE"},"content":{"rendered":"","protected":false},"excerpt":{"rendered":"<div id=\"productDescription_feature_div\" class=\"celwidget\" data-feature-name=\"productDescription\" data-csa-c-type=\"widget\" data-csa-c-content-id=\"productDescription\" data-csa-c-slot-id=\"productDescription_feature_div\" data-csa-c-asin=\"\" data-csa-c-is-in-initial-active-row=\"false\" data-csa-c-id=\"pz84p3-699rwp-x00sqs-i5rc8v\" data-cel-widget=\"productDescription_feature_div\">\n<div>\n<div id=\"productDescription_feature_div\" class=\"a-row feature\" data-feature-name=\"productDescription\" data-template-name=\"productDescription\" data-cel-widget=\"productDescription_feature_div\">\n<div id=\"productDescription\" class=\"a-section a-spacing-small\">\n<p>Umbral pedal Pedal de Randall puerta Puerta de ruido din\u00e1mico con control de sensibilidad de entrada conmutable para \u00abbucle\u00bb o \u00abaplicaci\u00f3n funciona con una bater\u00eda de 9\u00a0V fuente de alimentaci\u00f3n o Randall pps1\u00a0o pps2\u00a0interfaz fuente de alimentaci\u00f3n (no incluida)<\/p>\n<\/div>\n<\/div>\n<\/div>\n<\/div>\n<div id=\"aplus_feature_div\" class=\"celwidget\" data-feature-name=\"aplus\" data-csa-c-type=\"widget\" data-csa-c-content-id=\"aplus\" data-csa-c-slot-id=\"aplus_feature_div\" data-csa-c-asin=\"\" data-csa-c-is-in-initial-active-row=\"false\" data-csa-c-id=\"u9yjpm-wl9mxb-rwim1a-358tnx\" data-cel-widget=\"aplus_feature_div\"><\/div>\n<div id=\"aplusBrandStory_feature_div\" class=\"celwidget\" data-feature-name=\"aplusBrandStory\" data-csa-c-type=\"widget\" data-csa-c-content-id=\"aplusBrandStory\" data-csa-c-slot-id=\"aplusBrandStory_feature_div\" data-csa-c-asin=\"\" data-csa-c-is-in-initial-active-row=\"false\" data-csa-c-id=\"s6rtgq-sgekmo-qg2rt5-mmhtqo\" data-cel-widget=\"aplusBrandStory_feature_div\"><\/div>\n<div id=\"HLCXComparisonWidget_Secondary_wdgs_feature_div\" class=\"celwidget\" data-feature-name=\"HLCXComparisonWidget_Secondary_wdgs\" data-csa-c-type=\"widget\" data-csa-c-content-id=\"HLCXComparisonWidget_Secondary_wdgs\" data-csa-c-slot-id=\"HLCXComparisonWidget_Secondary_wdgs_feature_div\" data-csa-c-asin=\"\" data-csa-c-is-in-initial-active-row=\"false\" data-csa-c-id=\"uj0gn1-2ia9r-m9e4ce-c683re\" data-cel-widget=\"HLCXComparisonWidget_Secondary_wdgs_feature_div\"><\/div>\n<div id=\"importantInformation_feature_div\" class=\"celwidget\" data-feature-name=\"importantInformation\" data-csa-c-type=\"widget\" data-csa-c-content-id=\"importantInformation\" data-csa-c-slot-id=\"importantInformation_feature_div\" data-csa-c-asin=\"\" data-csa-c-is-in-initial-active-row=\"false\" data-csa-c-id=\"sn1oaj-bedxhp-n6x7i5-jazc71\" data-cel-widget=\"importantInformation_feature_div\"><\/div>\n<div id=\"similarities_feature_div\" class=\"celwidget\" data-feature-name=\"similarities\" data-csa-c-type=\"widget\" data-csa-c-content-id=\"similarities\" data-csa-c-slot-id=\"similarities_feature_div\" data-csa-c-asin=\"\" data-csa-c-is-in-initial-active-row=\"false\" data-csa-c-id=\"xj1ogz-wmnv5b-3kl9mt-pb7zgk\" data-cel-widget=\"similarities_feature_div\"><\/div>\n<div id=\"sims-themis-sponsored-products-2_feature_div\" class=\"celwidget\" data-feature-name=\"sims-themis-sponsored-products-2\" data-csa-c-type=\"widget\" data-csa-c-content-id=\"sims-themis-sponsored-products-2\" data-csa-c-slot-id=\"sims-themis-sponsored-products-2_feature_div\" data-csa-c-asin=\"\" data-csa-c-is-in-initial-active-row=\"false\" data-csa-c-id=\"esh7bk-1vkezs-1m0prg-lfaa3g\" data-cel-widget=\"sims-themis-sponsored-products-2_feature_div\"><\/div>\n<div id=\"dp-ads-center-promo_feature_div\" class=\"celwidget\" data-feature-name=\"dp-ads-center-promo\" data-csa-c-type=\"widget\" data-csa-c-content-id=\"dp-ads-center-promo\" data-csa-c-slot-id=\"dp-ads-center-promo_feature_div\" data-csa-c-asin=\"\" data-csa-c-is-in-initial-active-row=\"false\" data-csa-c-id=\"qzt0er-tsi5jh-a3c6e6-4hcym9\" data-cel-widget=\"dp-ads-center-promo_feature_div\"><\/div>\n<div id=\"discovery-and-inspiration_feature_div\" class=\"celwidget\" data-feature-name=\"discovery-and-inspiration\" data-csa-c-type=\"widget\" data-csa-c-content-id=\"discovery-and-inspiration\" data-csa-c-slot-id=\"discovery-and-inspiration_feature_div\" data-csa-c-asin=\"\" data-csa-c-is-in-initial-active-row=\"false\" data-csa-c-id=\"20r1yb-icwba9-93ok3v-won0sz\" data-cel-widget=\"discovery-and-inspiration_feature_div\"><\/div>\n<div id=\"ask-btf_feature_div\" class=\"celwidget\" data-feature-name=\"ask-btf\" data-csa-c-type=\"widget\" data-csa-c-content-id=\"ask-btf\" data-csa-c-slot-id=\"ask-btf_feature_div\" data-csa-c-asin=\"\" data-csa-c-is-in-initial-active-row=\"false\" data-csa-c-id=\"bhpamg-se3p87-7qlh9n-6u9o7e\" data-cel-widget=\"ask-btf_feature_div\">\n<div id=\"cf-ask-cel\" class=\"a-section celwidget\" data-csa-c-id=\"my0evx-hs933f-80kb8j-8xq517\" data-cel-widget=\"cf-ask-cel\">\n<div id=\"Ask\"><\/div>\n<div class=\"a-section askBTFLazyLoad\" data-url=\"\/ask\/askBrowseAjaxLoad\/asin\/B016NUD8AO\">\n<div class=\"celwidget\" data-csa-c-id=\"vy8o4w-nb4qqx-vl65ap-fes8x0\" data-cel-widget=\"ask-browse-ajax-load\">\n<div id=\"ask-btf-container\" class=\"celwidget\" data-csa-c-id=\"2ifo9s-lrhjcu-847y41-dhvi6e\" data-cel-widget=\"ask-btf-desktop\">\n<div class=\"askInlineWidget\"><\/div>\n<\/div>\n<\/div>\n<\/div>\n<\/div>\n<\/div>\n","protected":false},"featured_media":17408,"comment_status":"closed","ping_status":"closed","template":"","meta":{"_joinchat":[]},"product_brand":[],"product_cat":[82],"product_tag":[],"class_list":{"0":"post-29210","1":"product","2":"type-product","3":"status-publish","4":"has-post-thumbnail","6":"product_cat-pedales","8":"first","9":"instock","10":"taxable","11":"shipping-taxable","12":"purchasable","13":"product-type-simple"},"yoast_head":"<!-- This site is optimized with the Yoast SEO plugin v27.1.1 - https:\/\/yoast.com\/product\/yoast-seo-wordpress\/ -->\n<title>PEDAL RANDALL COMPUERTA DE RUIDO PARA GUITARRA O BAJO REF-BLOQE - Sound Gear<\/title>\n<meta name=\"robots\" content=\"index, follow, max-snippet:-1, max-image-preview:large, max-video-preview:-1\" \/>\n<link rel=\"canonical\" href=\"https:\/\/soundgear.com.co\/sitio\/producto\/pedal-randall-compuerta-de-ruido-para-guitarra-o-bajo-ref-bloqe\/\" \/>\n<meta property=\"og:locale\" content=\"es_ES\" \/>\n<meta property=\"og:type\" content=\"article\" \/>\n<meta property=\"og:title\" content=\"PEDAL RANDALL COMPUERTA DE RUIDO PARA GUITARRA O BAJO REF-BLOQE - Sound Gear\" \/>\n<meta property=\"og:description\" content=\"Umbral pedal Pedal de Randall puerta Puerta de ruido din\u00e1mico con control de sensibilidad de entrada conmutable para &quot;bucle&quot; o &quot;aplicaci\u00f3n funciona con una bater\u00eda de 9\u00a0V fuente de alimentaci\u00f3n o Randall pps1\u00a0o pps2\u00a0interfaz fuente de alimentaci\u00f3n (no incluida)\" \/>\n<meta property=\"og:url\" content=\"https:\/\/soundgear.com.co\/sitio\/producto\/pedal-randall-compuerta-de-ruido-para-guitarra-o-bajo-ref-bloqe\/\" \/>\n<meta property=\"og:site_name\" content=\"Sound Gear\" \/>\n<meta property=\"article:modified_time\" content=\"2026-03-11T18:29:38+00:00\" \/>\n<meta name=\"twitter:card\" content=\"summary_large_image\" \/>\n<script type=\"application\/ld+json\" class=\"yoast-schema-graph\">{\"@context\":\"https:\/\/schema.org\",\"@graph\":[{\"@type\":\"WebPage\",\"@id\":\"https:\/\/soundgear.com.co\/sitio\/producto\/pedal-randall-compuerta-de-ruido-para-guitarra-o-bajo-ref-bloqe\/\",\"url\":\"https:\/\/soundgear.com.co\/sitio\/producto\/pedal-randall-compuerta-de-ruido-para-guitarra-o-bajo-ref-bloqe\/\",\"name\":\"PEDAL RANDALL COMPUERTA DE RUIDO PARA GUITARRA O BAJO REF-BLOQE - Sound Gear\",\"isPartOf\":{\"@id\":\"https:\/\/soundgear.com.co\/sitio\/#website\"},\"primaryImageOfPage\":{\"@id\":\"https:\/\/soundgear.com.co\/sitio\/producto\/pedal-randall-compuerta-de-ruido-para-guitarra-o-bajo-ref-bloqe\/#primaryimage\"},\"image\":{\"@id\":\"https:\/\/soundgear.com.co\/sitio\/producto\/pedal-randall-compuerta-de-ruido-para-guitarra-o-bajo-ref-bloqe\/#primaryimage\"},\"thumbnailUrl\":\"https:\/\/soundgear.com.co\/sitio\/wp-content\/uploads\/2024\/01\/pedal-randall-compuerta-de-ruido-para-guitarra-o-bajo-bloqe.jpg\",\"datePublished\":\"2026-03-11T18:29:34+00:00\",\"dateModified\":\"2026-03-11T18:29:38+00:00\",\"breadcrumb\":{\"@id\":\"https:\/\/soundgear.com.co\/sitio\/producto\/pedal-randall-compuerta-de-ruido-para-guitarra-o-bajo-ref-bloqe\/#breadcrumb\"},\"inLanguage\":\"es\",\"potentialAction\":[{\"@type\":\"ReadAction\",\"target\":[\"https:\/\/soundgear.com.co\/sitio\/producto\/pedal-randall-compuerta-de-ruido-para-guitarra-o-bajo-ref-bloqe\/\"]}]},{\"@type\":\"ImageObject\",\"inLanguage\":\"es\",\"@id\":\"https:\/\/soundgear.com.co\/sitio\/producto\/pedal-randall-compuerta-de-ruido-para-guitarra-o-bajo-ref-bloqe\/#primaryimage\",\"url\":\"https:\/\/soundgear.com.co\/sitio\/wp-content\/uploads\/2024\/01\/pedal-randall-compuerta-de-ruido-para-guitarra-o-bajo-bloqe.jpg\",\"contentUrl\":\"https:\/\/soundgear.com.co\/sitio\/wp-content\/uploads\/2024\/01\/pedal-randall-compuerta-de-ruido-para-guitarra-o-bajo-bloqe.jpg\",\"width\":1000,\"height\":1000},{\"@type\":\"BreadcrumbList\",\"@id\":\"https:\/\/soundgear.com.co\/sitio\/producto\/pedal-randall-compuerta-de-ruido-para-guitarra-o-bajo-ref-bloqe\/#breadcrumb\",\"itemListElement\":[{\"@type\":\"ListItem\",\"position\":1,\"name\":\"Portada\",\"item\":\"https:\/\/soundgear.com.co\/sitio\/\"},{\"@type\":\"ListItem\",\"position\":2,\"name\":\"Tienda\",\"item\":\"https:\/\/soundgear.com.co\/sitio\/tienda\/\"},{\"@type\":\"ListItem\",\"position\":3,\"name\":\"PEDAL RANDALL COMPUERTA DE RUIDO PARA GUITARRA O BAJO REF-BLOQE\"}]},{\"@type\":\"WebSite\",\"@id\":\"https:\/\/soundgear.com.co\/sitio\/#website\",\"url\":\"https:\/\/soundgear.com.co\/sitio\/\",\"name\":\"Sound Gear\",\"description\":\"Tienda de Instrumentos Musicales\",\"potentialAction\":[{\"@type\":\"SearchAction\",\"target\":{\"@type\":\"EntryPoint\",\"urlTemplate\":\"https:\/\/soundgear.com.co\/sitio\/?s={search_term_string}\"},\"query-input\":{\"@type\":\"PropertyValueSpecification\",\"valueRequired\":true,\"valueName\":\"search_term_string\"}}],\"inLanguage\":\"es\"}]}<\/script>\n<!-- \/ Yoast SEO plugin. -->","yoast_head_json":{"title":"PEDAL RANDALL COMPUERTA DE RUIDO PARA GUITARRA O BAJO REF-BLOQE - Sound Gear","robots":{"index":"index","follow":"follow","max-snippet":"max-snippet:-1","max-image-preview":"max-image-preview:large","max-video-preview":"max-video-preview:-1"},"canonical":"https:\/\/soundgear.com.co\/sitio\/producto\/pedal-randall-compuerta-de-ruido-para-guitarra-o-bajo-ref-bloqe\/","og_locale":"es_ES","og_type":"article","og_title":"PEDAL RANDALL COMPUERTA DE RUIDO PARA GUITARRA O BAJO REF-BLOQE - Sound Gear","og_description":"Umbral pedal Pedal de Randall puerta Puerta de ruido din\u00e1mico con control de sensibilidad de entrada conmutable para \"bucle\" o \"aplicaci\u00f3n funciona con una bater\u00eda de 9\u00a0V fuente de alimentaci\u00f3n o Randall pps1\u00a0o pps2\u00a0interfaz fuente de alimentaci\u00f3n (no incluida)","og_url":"https:\/\/soundgear.com.co\/sitio\/producto\/pedal-randall-compuerta-de-ruido-para-guitarra-o-bajo-ref-bloqe\/","og_site_name":"Sound Gear","article_modified_time":"2026-03-11T18:29:38+00:00","twitter_card":"summary_large_image","schema":{"@context":"https:\/\/schema.org","@graph":[{"@type":"WebPage","@id":"https:\/\/soundgear.com.co\/sitio\/producto\/pedal-randall-compuerta-de-ruido-para-guitarra-o-bajo-ref-bloqe\/","url":"https:\/\/soundgear.com.co\/sitio\/producto\/pedal-randall-compuerta-de-ruido-para-guitarra-o-bajo-ref-bloqe\/","name":"PEDAL RANDALL COMPUERTA DE RUIDO PARA GUITARRA O BAJO REF-BLOQE - Sound Gear","isPartOf":{"@id":"https:\/\/soundgear.com.co\/sitio\/#website"},"primaryImageOfPage":{"@id":"https:\/\/soundgear.com.co\/sitio\/producto\/pedal-randall-compuerta-de-ruido-para-guitarra-o-bajo-ref-bloqe\/#primaryimage"},"image":{"@id":"https:\/\/soundgear.com.co\/sitio\/producto\/pedal-randall-compuerta-de-ruido-para-guitarra-o-bajo-ref-bloqe\/#primaryimage"},"thumbnailUrl":"https:\/\/soundgear.com.co\/sitio\/wp-content\/uploads\/2024\/01\/pedal-randall-compuerta-de-ruido-para-guitarra-o-bajo-bloqe.jpg","datePublished":"2026-03-11T18:29:34+00:00","dateModified":"2026-03-11T18:29:38+00:00","breadcrumb":{"@id":"https:\/\/soundgear.com.co\/sitio\/producto\/pedal-randall-compuerta-de-ruido-para-guitarra-o-bajo-ref-bloqe\/#breadcrumb"},"inLanguage":"es","potentialAction":[{"@type":"ReadAction","target":["https:\/\/soundgear.com.co\/sitio\/producto\/pedal-randall-compuerta-de-ruido-para-guitarra-o-bajo-ref-bloqe\/"]}]},{"@type":"ImageObject","inLanguage":"es","@id":"https:\/\/soundgear.com.co\/sitio\/producto\/pedal-randall-compuerta-de-ruido-para-guitarra-o-bajo-ref-bloqe\/#primaryimage","url":"https:\/\/soundgear.com.co\/sitio\/wp-content\/uploads\/2024\/01\/pedal-randall-compuerta-de-ruido-para-guitarra-o-bajo-bloqe.jpg","contentUrl":"https:\/\/soundgear.com.co\/sitio\/wp-content\/uploads\/2024\/01\/pedal-randall-compuerta-de-ruido-para-guitarra-o-bajo-bloqe.jpg","width":1000,"height":1000},{"@type":"BreadcrumbList","@id":"https:\/\/soundgear.com.co\/sitio\/producto\/pedal-randall-compuerta-de-ruido-para-guitarra-o-bajo-ref-bloqe\/#breadcrumb","itemListElement":[{"@type":"ListItem","position":1,"name":"Portada","item":"https:\/\/soundgear.com.co\/sitio\/"},{"@type":"ListItem","position":2,"name":"Tienda","item":"https:\/\/soundgear.com.co\/sitio\/tienda\/"},{"@type":"ListItem","position":3,"name":"PEDAL RANDALL COMPUERTA DE RUIDO PARA GUITARRA O BAJO REF-BLOQE"}]},{"@type":"WebSite","@id":"https:\/\/soundgear.com.co\/sitio\/#website","url":"https:\/\/soundgear.com.co\/sitio\/","name":"Sound Gear","description":"Tienda de Instrumentos Musicales","potentialAction":[{"@type":"SearchAction","target":{"@type":"EntryPoint","urlTemplate":"https:\/\/soundgear.com.co\/sitio\/?s={search_term_string}"},"query-input":{"@type":"PropertyValueSpecification","valueRequired":true,"valueName":"search_term_string"}}],"inLanguage":"es"}]}},"_links":{"self":[{"href":"https:\/\/soundgear.com.co\/sitio\/wp-json\/wp\/v2\/product\/29210","targetHints":{"allow":["GET"]}}],"collection":[{"href":"https:\/\/soundgear.com.co\/sitio\/wp-json\/wp\/v2\/product"}],"about":[{"href":"https:\/\/soundgear.com.co\/sitio\/wp-json\/wp\/v2\/types\/product"}],"replies":[{"embeddable":true,"href":"https:\/\/soundgear.com.co\/sitio\/wp-json\/wp\/v2\/comments?post=29210"}],"version-history":[{"count":1,"href":"https:\/\/soundgear.com.co\/sitio\/wp-json\/wp\/v2\/product\/29210\/revisions"}],"predecessor-version":[{"id":29240,"href":"https:\/\/soundgear.com.co\/sitio\/wp-json\/wp\/v2\/product\/29210\/revisions\/29240"}],"wp:featuredmedia":[{"embeddable":true,"href":"https:\/\/soundgear.com.co\/sitio\/wp-json\/wp\/v2\/media\/17408"}],"wp:attachment":[{"href":"https:\/\/soundgear.com.co\/sitio\/wp-json\/wp\/v2\/media?parent=29210"}],"wp:term":[{"taxonomy":"product_brand","embeddable":true,"href":"https:\/\/soundgear.com.co\/sitio\/wp-json\/wp\/v2\/product_brand?post=29210"},{"taxonomy":"product_cat","embeddable":true,"href":"https:\/\/soundgear.com.co\/sitio\/wp-json\/wp\/v2\/product_cat?post=29210"},{"taxonomy":"product_tag","embeddable":true,"href":"https:\/\/soundgear.com.co\/sitio\/wp-json\/wp\/v2\/product_tag?post=29210"}],"curies":[{"name":"wp","href":"https:\/\/api.w.org\/{rel}","templated":true}]}}